ided by 69.
66
What is the remainder when 2474 is divided by 59?
55
Calculate the remainder when 6291 is divided by 52.
51
What is the remainder when 114 is divided by 45?
24
Calculate the remainder when 130 is divided by 32.
2
What is the remainder when 1609 is divided by 1596?
13
What is the remainder when 327 is divided by 82?
81
What is the remainder when 37271 is divided by 12423?
2
What is the remainder when 196 is divided by 40?
36
What is the remainder when 1453 is divided by 165?
133
Calculate the remainder when 922 is divided by 11.
9
What is the remainder when 488 is divided by 19?
13
Calculate the remainder when 212 is divided by 205.
7
What is the remainder when 463 is divided by 36?
31
What is the remainder when 358 is divided by 60?
58
Calculate the remainder when 399 is divided by 96.
15
What is the remainder when 1672 is divided by 62?
60
Calculate the remainder when 1948 is divided by 16.
12
What is the remainder when 586 is divided by 28?
26
What is the remainder when 185 is divided by 62?
61
What is the remainder when 33 is divided by 27?
6
What is the remainder when 533 is divided by 94?
63
Calculate the remainder when 964 is divided by 121.
117
What is the remainder when 2412 is divided by 17?
15
Calculate the remainder when 264 is divided by 69.
57
What is the remainder when 1679 is divided by 17?
13
Calculate the remainder when 18 is divided by 9.
0
Calculate the remainder when 34 is divided by 26.
8
What is the remainder when 2424 is divided by 9?
3
Calculate the remainder when 61 is divided by 19.
4
What is the remainder when 408 is divided by 131?
15
What is the remainder when 54 is divided by 19?
16
Calculate the remainder when 143 is divided by 7.
3
Calculate the remainder when 189 is divided by 24.
21
What is the remainder when 320 is divided by 71?
36
What is the remainder when 226 is divided by 59?
49
Calculate the remainder when 635 is divided by 12.
11
Calculate the remainder when 419 is divided by 70.
69
What is the remainder when 699 is divided by 18?
15
Calculate the remainder when 2688 is divided by 167.
16
What is the remainder when 316 is divided by 140?
36
What is the remainder when 128 is divided by 26?
24
What is the remainder when 29 is divided by 15?
14
Calculate the remainder when 251 is divided by 140.
111
Calculate the remainder when 15 is divided by 8.
7
What is the remainder when 251 is divided by 44?
31
Calculate the remainder when 501 is divided by 42.
39
What is the remainder when 313 is divided by 65?
53
What is the remainder when 499 is divided by 117?
31
What is the remainder when 122 is divided by 49?
24
What is the remainder when 1230 is divided by 206?
200
What is the remainder when 19 is divided by 15?
4
What is the remainder when 219 is divided by 20?
19
Calculate the remainder when 40 is divided by 32.
8
What is the remainder when 331 is divided by 68?
59
Calculate the remainder when 3556 is divided by 89.
85
What is the remainder when 78 is divided by 34?
10
Calculate the remainder when 6044 is divided by 121.
115
Calculate the remainder when 183 is divided by 84.
15
What is the remainder when 255 is divided by 26?
21
Calculate the remainder when 2621 is divided by 867.
20
What is the remainder when 1310 is divided by 25?
10
Calculate the remainder when 1475 is divided by 40.
35
Calculate the remainder when 615 is divided by 77.
76
What is the remainder when 1645 is divided by 818?
9
Calculate the remainder when 572 is divided by 114.
2
Calculate the remainder when 2410 is divided by 134.
132
What is the remainder when 285 is divided by 18?
15
Calculate the remainder when 1029 is divided by 314.
87
What is the remainder when 5627 is divided by 7?
6
What is the remainder when 52 is divided by 17?
1
Calculate the remainder when 435 is divided by 135.
30
Calculate the remainder when 1055 is divided by 130.
15
What is the remainder when 521 is divided by 59?
49
Calculate the remainder when 180 is divided by 32.
20
Calculate the remainder when 84 is divided by 59.
25
What is the remainder when 33 is divided by 21?
12
What is the remainder when 7659 is divided by 18?
9
What is the remainder when 733 is divided by 46?
43
Calculate the remainder when 404 is divided by 148.
108
What is the remainder when 616 is divided by 157?
145
What is the remainder when 685 is divided by 43?
40
Calculate the remainder when 557 is divided by 7.
4
Calculate the remainder when 321 is divided by 164.
157
What is the remainder when 5296 is divided by 34?
26
What is the remainder when 1461 is divided by 85?
16
What is the remainder when 471 is divided by 28?
23
What is the remainder when 100 is divided by 78?
22
Calculate the remainder when 8329 is divided by 85.
84
Calculate the remainder when 5072 is divided by 188.
184
What is the remainder when 159 is divided by 20?
19
What is the remainder when 1200 is divided by 330?
210
Calculate the remainder when 284 is divided by 41.
38
Calculate the remainder when 1538 is divided by 57.
56
Calculate the remainder when 443 is divided by 45.
38
Calculate the remainder when 304 is divided by 260.
44
What is the remainder when 1893 is divided by 121?
78
What is the remainder when 240 is divided by 64?
48
What is the remainder when 5093 is divided by 91?
88
Calculate the remainder when 668 is divided by 48.
44
What is the remainder when 8815 is divided by 38?
37
What is the remainder when 710 is divided by 89?
87
What is the remainder when 779 is divided by 18?
5
What is the remainder when 108 is divided by 28?
24
What is the remainder when 68 is divided by 30?
8
Calculate the remainder when 147 is divided by 26.
17
Calculate the remainder when 181 is divided by 94.
87
What is the remainder when 355 is divided by 31?
14
Calculate the remainder when 1761 is divided by 97.
15
What is the remainder when 124 is divided by 64?
60
Calculate the remainder when 417 is divided by 181.
55
Calculate the remainder when 1143 is divided by 84.
51
Calculate the remainder when 1053 is divided by 16.
13
Calculate the remainder when 510 is divided by 64.
62
What is the remainder when 866 is divided by 11?
8
Calculate the remainder when 119 is divided by 20.
19
What is the remainder when 81 is divided by 5?
1
What is the remainder when 148 is divided by 53?
42
Calculate the remainder when 12898 is divided by 60.
58
What is the remainder when 51 is divided by 17?
0
Calculate the remainder when 1152 is divided by 165.
162
What is the remainder when 465 is divided by 120?
105
Calculate the remainder when 837 is divided by 56.
53
Calculate the remainder when 442 is divided by 166.
110
What is the remainder when 1149 is divided by 283?
17
What is the remainder when 4443 is divided by 39?
36
What is the remainder when 11 is divided by 5?
1
What is the remainder when 36 is divided by 34?
2
What is the remainder when 616 is divided by 182?
70
Calculate the remainder when 263 is divided by 66.
65
What is the remainder when 171 is divided by 26?
15
Calculate the remainder when 231 is divided by 70.
21
Calculate the remainder when 2501 is divided by 1246.
9
Calculate the remainder when 135 is divided by 8.
7
Calculate the remainder when 74 is divided by 11.
8
Calculate the remainder when 17 is divided by 5.
2
Calculate the remainder when 1313 is divided by 51.
38
What is the remainder when 14110 is divided by 28?
26
Calculate the remainder when 291 is divided by 99.
93
What is the remainder when 185 is divided by 28?
17
Calculate the remainder when 2432 is divided by 2431.
1
What is the remainder when 2270 is divided by 76?
66
What is the remainder when 1886 is divided by 21?
17
What is the remainder when 676 is divided by 17?
13
What is the remainder when 2878 is divided by 45?
43
What is the remainder when 156 is divided by 41?
33
What is the remainder when 22 is divided by 2?
0
What is the remainder when 1988 is divided by 336?
308
What is the remainder when 284 is divided by 44?
20
Calculate the remainder when 1582 is divided by 144.
142
Calculate the remainder when 124 is divided by 8.
4
Calculate the remainder when 111 is divided by 23.
19
Calculate the remainder when 28 is divided by 15.
13
What is the remainder when 2547 is divided by 57?
39
What is the remainder when 656 is divided by 